{"id":72,"date":"2013-06-07T12:11:22","date_gmt":"2013-06-07T10:11:22","guid":{"rendered":"http:\/\/www.abono.de\/erlebenswert_bamberg\/?page_id=72"},"modified":"2014-09-15T11:25:59","modified_gmt":"2014-09-15T09:25:59","slug":"gps-touren","status":"publish","type":"page","link":"https:\/\/www.erlebenswert-bamberg.de\/?page_id=72","title":{"rendered":"GPS-Touren"},"content":{"rendered":"<p><strong>Die etwas andere Stadtf\u00fchrung<br \/>\n<\/strong>Verschiedene Hinweise f\u00fchren die Kleingruppen durch das Weltkulturerbe Bambergs. Einzige Hilfe dabei ist ein GPS-Ger\u00e4t, das die Gruppen zu den einzelnen Stationen f\u00fchrt. Durch das L\u00f6sen von Aufgaben k\u00f6nnen sich die Teams immer neue Hinweise erarbeiten und bekommen nebenbei einige Sehensw\u00fcrdigkeiten der Stadt erkl\u00e4rt.<\/p>\n<p>Zeitbedarf: 3 Stunden<\/p>\n<p><strong>Mit GPS durch Wald und Wiese<br \/>\n<\/strong>Hier gilt es nicht die Stadt Bamberg zu erkunden, sondern sich auf unbekannten Wegen im Michelsberger Wald zurecht zu finden. \u00c4hnlich wie bei der Stadtf\u00fchrung m\u00fcssen auch hier Aufgaben gel\u00f6st und Hinweise gefunden werden.<\/p>\n<p>Zeitbedarf: 3 Stunden<\/p>\n","protected":false},"excerpt":{"rendered":"<p>Die etwas andere Stadtf\u00fchrung Verschiedene Hinweise f\u00fchren die Kleingruppen durch das Weltkulturerbe Bambergs. Einzige Hilfe dabei ist ein GPS-Ger\u00e4t, das die Gruppen zu den einzelnen Stationen f\u00fchrt. Durch das L\u00f6sen von Aufgaben k\u00f6nnen sich die Teams immer neue Hinweise erarbeiten &hellip; <a href=\"https:\/\/www.erlebenswert-bamberg.de\/?page_id=72\">Weiterlesen <span class=\"meta-nav\">&rarr;<\/span><\/a><\/p>\n","protected":false},"author":1,"featured_media":112,"parent":8,"menu_order":0,"comment_status":"closed","ping_status":"closed","template":"","meta":{"footnotes":""},"class_list":["post-72","page","type-page","status-publish","has-post-thumbnail","hentry"],"_links":{"self":[{"href":"https:\/\/www.erlebenswert-bamberg.de\/index.php?rest_route=\/wp\/v2\/pages\/72","targetHints":{"allow":["GET"]}}],"collection":[{"href":"https:\/\/www.erlebenswert-bamberg.de\/index.php?rest_route=\/wp\/v2\/pages"}],"about":[{"href":"https:\/\/www.erlebenswert-bamberg.de\/index.php?rest_route=\/wp\/v2\/types\/page"}],"author":[{"embeddable":true,"href":"https:\/\/www.erlebenswert-bamberg.de\/index.php?rest_route=\/wp\/v2\/users\/1"}],"replies":[{"embeddable":true,"href":"https:\/\/www.erlebenswert-bamberg.de\/index.php?rest_route=%2Fwp%2Fv2%2Fcomments&post=72"}],"version-history":[{"count":5,"href":"https:\/\/www.erlebenswert-bamberg.de\/index.php?rest_route=\/wp\/v2\/pages\/72\/revisions"}],"predecessor-version":[{"id":149,"href":"https:\/\/www.erlebenswert-bamberg.de\/index.php?rest_route=\/wp\/v2\/pages\/72\/revisions\/149"}],"up":[{"embeddable":true,"href":"https:\/\/www.erlebenswert-bamberg.de\/index.php?rest_route=\/wp\/v2\/pages\/8"}],"wp:featuredmedia":[{"embeddable":true,"href":"https:\/\/www.erlebenswert-bamberg.de\/index.php?rest_route=\/wp\/v2\/media\/112"}],"wp:attachment":[{"href":"https:\/\/www.erlebenswert-bamberg.de\/index.php?rest_route=%2Fwp%2Fv2%2Fmedia&parent=72"}],"curies":[{"name":"wp","href":"https:\/\/api.w.org\/{rel}","templated":true}]}}