{"id":8,"date":"2013-06-02T21:10:04","date_gmt":"2013-06-02T19:10:04","guid":{"rendered":"http:\/\/www.abono.de\/erlebenswert_bamberg\/?page_id=8"},"modified":"2024-09-23T08:32:56","modified_gmt":"2024-09-23T06:32:56","slug":"bausteine","status":"publish","type":"page","link":"https:\/\/www.erlebenswert-bamberg.de\/?page_id=8","title":{"rendered":"Bausteine"},"content":{"rendered":"<p>Jedes erlebnisp\u00e4dagogische Programm setzt sich aus verschiedenen Bausteinen zusammen. So k\u00f6nnen wir einzelne Vor- oder Nachmittage, aber auch eine ganze Woche sinnvoll mit Programm f\u00fcllen.<\/p>\n<p>Nach Ihren Zielen und W\u00fcnschen suchen wir gerne mit Ihnen zusammen die passenden Bausteine f\u00fcr Ihre individuelle Veranstaltung aus. Folgende Bausteine bieten wir an:<\/p>\n<p><strong>Am Seil<br \/>\n<\/strong>:: Seil\u00fcberquerung<a href=\"http:\/\/www.abono.de\/erlebenswert_bamberg\/?page_id=22\"> [weiterlesen&#8230;]<\/a><\/p>\n<p><strong>F\u00fcr Probleml\u00f6ser<br \/>\n<\/strong>:: Erlebnistour <a href=\"http:\/\/www.abono.de\/erlebenswert_bamberg\/?page_id=20\">[weiterlesen&#8230;]<\/a><\/p>\n<p><strong>Zu Lande<br \/>\n<\/strong>:: Orientierungstour<a href=\"http:\/\/www.abono.de\/erlebenswert_bamberg\/?page_id=18\"> [weiterlesen&#8230;]<\/a><br \/>\n:: GPS-Touren<a href=\"http:\/\/www.abono.de\/erlebenswert_bamberg\/?page_id=72\"> [weiterlesen&#8230;]<\/a><\/p>\n<p><strong>Bei Dunkelheit<br \/>\n<\/strong>:: Nachterlebnis<a href=\"http:\/\/www.abono.de\/erlebenswert_bamberg\/?page_id=24\"> [weiterlesen&#8230;]<\/a><\/p>\n","protected":false},"excerpt":{"rendered":"<p>Jedes erlebnisp\u00e4dagogische Programm setzt sich aus verschiedenen Bausteinen zusammen. So k\u00f6nnen wir einzelne Vor- oder Nachmittage, aber auch eine ganze Woche sinnvoll mit Programm f\u00fcllen. Nach Ihren Zielen und W\u00fcnschen suchen wir gerne mit Ihnen zusammen die passenden Bausteine f\u00fcr &hellip; <a href=\"https:\/\/www.erlebenswert-bamberg.de\/?page_id=8\">Weiterlesen <span class=\"meta-nav\">&rarr;<\/span><\/a><\/p>\n","protected":false},"author":1,"featured_media":92,"parent":0,"menu_order":1,"comment_status":"closed","ping_status":"closed","template":"","meta":{"footnotes":""},"class_list":["post-8","page","type-page","status-publish","has-post-thumbnail","hentry"],"_links":{"self":[{"href":"https:\/\/www.erlebenswert-bamberg.de\/index.php?rest_route=\/wp\/v2\/pages\/8","targetHints":{"allow":["GET"]}}],"collection":[{"href":"https:\/\/www.erlebenswert-bamberg.de\/index.php?rest_route=\/wp\/v2\/pages"}],"about":[{"href":"https:\/\/www.erlebenswert-bamberg.de\/index.php?rest_route=\/wp\/v2\/types\/page"}],"author":[{"embeddable":true,"href":"https:\/\/www.erlebenswert-bamberg.de\/index.php?rest_route=\/wp\/v2\/users\/1"}],"replies":[{"embeddable":true,"href":"https:\/\/www.erlebenswert-bamberg.de\/index.php?rest_route=%2Fwp%2Fv2%2Fcomments&post=8"}],"version-history":[{"count":19,"href":"https:\/\/www.erlebenswert-bamberg.de\/index.php?rest_route=\/wp\/v2\/pages\/8\/revisions"}],"predecessor-version":[{"id":218,"href":"https:\/\/www.erlebenswert-bamberg.de\/index.php?rest_route=\/wp\/v2\/pages\/8\/revisions\/218"}],"wp:featuredmedia":[{"embeddable":true,"href":"https:\/\/www.erlebenswert-bamberg.de\/index.php?rest_route=\/wp\/v2\/media\/92"}],"wp:attachment":[{"href":"https:\/\/www.erlebenswert-bamberg.de\/index.php?rest_route=%2Fwp%2Fv2%2Fmedia&parent=8"}],"curies":[{"name":"wp","href":"https:\/\/api.w.org\/{rel}","templated":true}]}}